when 2161 is divided by 215.
11
Calculate the remainder when 9045 is divided by 3006.
27
Calculate the remainder when 126895 is divided by 31723.
3
Calculate the remainder when 19170 is divided by 31.
12
What is the remainder when 4992 is divided by 374?
130
What is the remainder when 235717 is divided by 59?
12
What is the remainder when 7089 is divided by 311?
247
What is the remainder when 338532 is divided by 42316?
4
What is the remainder when 4906 is divided by 249?
175
Calculate the remainder when 7343 is divided by 181.
103
Calculate the remainder when 14901 is divided by 184.
181
Calculate the remainder when 58679 is divided by 26.
23
Calculate the remainder when 98155 is divided by 16.
11
Calculate the remainder when 42648 is divided by 688.
680
Calculate the remainder when 960 is divided by 17.
8
Calculate the remainder when 2598 is divided by 42.
36
Calculate the remainder when 4360 is divided by 49.
48
What is the remainder when 29503 is divided by 80?
63
Calculate the remainder when 6665 is divided by 392.
1
What is the remainder when 860 is divided by 179?
144
Calculate the remainder when 188729 is divided by 220.
189
Calculate the remainder when 108779 is divided by 83.
49
Calculate the remainder when 2964 is divided by 1271.
422
Calculate the remainder when 14416 is divided by 718.
56
Calculate the remainder when 29911 is divided by 50.
11
Calculate the remainder when 6017 is divided by 1200.
17
What is the remainder when 26565 is divided by 8?
5
Calculate the remainder when 1858 is divided by 134.
116
What is the remainder when 341516 is divided by 60?
56
Calculate the remainder when 10377 is divided by 3428.
93
Calculate the remainder when 3477 is divided by 191.
39
What is the remainder when 323 is divided by 159?
5
Calculate the remainder when 88800 is divided by 77.
19
Calculate the remainder when 44182 is divided by 37.
4
Calculate the remainder when 331 is divided by 59.
36
What is the remainder when 368560 is divided by 179?
178
Calculate the remainder when 420 is divided by 121.
57
What is the remainder when 1745 is divided by 493?
266
What is the remainder when 140936 is divided by 162?
158
What is the remainder when 249434 is divided by 23?
22
Calculate the remainder when 966 is divided by 273.
147
What is the remainder when 42135 is divided by 18?
15
What is the remainder when 5515 is divided by 1097?
30
What is the remainder when 20799 is divided by 208?
207
What is the remainder when 181645 is divided by 50?
45
What is the remainder when 230479 is divided by 86?
85
What is the remainder when 67671 is divided by 11?
10
Calculate the remainder when 3728 is divided by 72.
56
What is the remainder when 6527 is divided by 1298?
37
Calculate the remainder when 619506 is divided by 17.
9
What is the remainder when 77922 is divided by 33?
9
What is the remainder when 3247 is divided by 3191?
56
What is the remainder when 8323 is divided by 922?
25
What is the remainder when 91051 is divided by 239?
231
Calculate the remainder when 305744 is divided by 387.
14
Calculate the remainder when 2421868 is divided by 11.
9
Calculate the remainder when 16998 is divided by 267.
177
Calculate the remainder when 23434 is divided by 5.
4
What is the remainder when 471655 is divided by 41?
32
Calculate the remainder when 826137 is divided by 35.
32
Calculate the remainder when 1823 is divided by 107.
4
Calculate the remainder when 71691 is divided by 506.
345
What is the remainder when 961133 is divided by 2032?
2029
Calculate the remainder when 12466 is divided by 43.
39
Calculate the remainder when 16312 is divided by 16312.
0
Calculate the remainder when 6762 is divided by 453.
420
Calculate the remainder when 973 is divided by 348.
277
What is the remainder when 2837 is divided by 458?
89
Calculate the remainder when 168444 is divided by 295.
294
What is the remainder when 8201 is divided by 72?
65
Calculate the remainder when 5136 is divided by 513.
6
What is the remainder when 4054 is divided by 150?
4
What is the remainder when 254271 is divided by 42?
3
What is the remainder when 13440 is divided by 671?
20
Calculate the remainder when 342467 is divided by 19.
11
What is the remainder when 11574 is divided by 2015?
1499
What is the remainder when 1006574 is divided by 13?
10
What is the remainder when 118808 is divided by 130?
118
What is the remainder when 12006 is divided by 77?
71
What is the remainder when 291077 is divided by 206?
205
What is the remainder when 950897 is divided by 22?
13
Calculate the remainder when 535899 is divided by 92.
91
What is the remainder when 7194 is divided by 30?
24
What is the remainder when 294526 is divided by 32?
30
Calculate the remainder when 498418 is divided by 65.
63
What is the remainder when 2021 is divided by 163?
65
What is the remainder when 591620 is divided by 99?
95
Calculate the remainder when 21176 is divided by 117.
116
Calculate the remainder when 7101 is divided by 811.
613
What is the remainder when 1301 is divided by 213?
23
What is the remainder when 21775 is divided by 1283?
1247
What is the remainder when 54949 is divided by 60?
49
What is the remainder when 86508 is divided by 205?
203
What is the remainder when 141351 is divided by 47089?
84
What is the remainder when 56235 is divided by 4014?
39
What is the remainder when 16207 is divided by 9?
7
What is the remainder when 10571 is divided by 2259?
1535
What is the remainder when 225172 is divided by 25?
22
What is the remainder when 2264042 is divided by 431?
430
Calculate the remainder when 5289 is divided by 115.
114
What is the remainder when 19291 is divided by 2140?
31
Calculate the remainder when 45753 is divided by 186.
183
What is the remainder when 16345 is divided by 7572?
1201
Calculate the remainder when 842047 is divided by 9.
7
Calculate the remainder when 2462 is divided by 205.
2
What is the remainder when 4540 is divided by 164?
112
Calculate the remainder when 442357 is divided by 23.
21
What is the remainder when 30230 is divided by 5?
0
What is the remainder when 2528 is divided by 286?
240
What is the remainder when 490665 is divided by 22?
21
Calculate the remainder when 7720 is divided by 882.
664
Calculate the remainder when 14529 is divided by 14.
11
Calculate the remainder when 605077 is divided by 63.
25
What is the remainder when 3388 is divided by 3151?
237
What is the remainder when 240 is divided by 203?
37
What is the remainder when 361 is divided by 59?
7
What is the remainder when 20071 is divided by 848?
567
What is the remainder when 4656 is divided by 809?
611
What is the remainder when 213141 is divided by 106570?
1
What is the remainder when 33444 is divided by 11138?
30
Calculate the remainder when 483095 is divided by 16.
7
What is the remainder when 141551 is divided by 35387?
3
What is the remainder when 7576 is divided by 292?
276
What is the remainder when 259263 is divided by 64?
63
Calculate the remainder when 5661 is divided by 354.
351
Calculate the remainder when 10291 is divided by 3430.
1
Calculate the remainder when 6637 is divided by 25.
12
What is the remainder when 5285383 is divided by 705?
703
Calculate the remainder when 76173 is divided by 12695.
3
Calculate the remainder when 10006 is divided by 714.
10
Calculate the remainder when 2137 is divided by 708.
13
What is the remainder when 5979 is divided by 2976?
27
Calculate the remainder when 1268 is divided by 443.
382
Calculate the remainder when 90386 is divided by 45124.
138
Calculate the remainder when 3149 is divided by 648.
557
Calculate the remainder when 18713 is divided by 84.
65
What is the remainder when 90802 is divided by 12?
10
Calculate the remainder when 836 is divided by 201.
32
Calculate the remainder when 27416 is divided by 490.
466
Calculate the remainder when 22688 is divided by 62.
58
What is the remainder when 13671 is divided by 1139?
3
What is the remainder when 3162 is divided by 625?
37
What is the remainder when 13842 is divided by 13820?
22
What is the remainder when 8137 is divided by 2615?
292
What is the remainder when 62739 is divided by 1029?
999
What is the remainder when 2360 is divided by 479?
444
Calculate the remainder when 9739 is divided by 44.
15
What is 